{"id":2000,"date":"2023-11-22T15:27:21","date_gmt":"2023-11-22T14:27:21","guid":{"rendered":"https:\/\/www.silberklopfer.de\/wp\/?post_type=tribe_events&#038;p=2000"},"modified":"2023-11-22T15:50:13","modified_gmt":"2023-11-22T14:50:13","slug":"mottoumzug-mit-praemierung-der-mottogruppen","status":"publish","type":"tribe_events","link":"https:\/\/www.silberklopfer.de\/wp\/event\/mottoumzug-mit-praemierung-der-mottogruppen\/","title":{"rendered":"Mottoumzug mit Pr\u00e4mierung der Mottogruppen"},"content":{"rendered":"<p>Am 12.02.2024, Fasnet-Mendig, startet um 15:00 Uhr unser Mottoumzug durch das Dorf mit anschlie\u00dfender Pr\u00e4mierung der Mottogruppen in der Festhalle Bleibach.<\/p>\n<p>Umzugsaufstellung ist in der Dorfstra\u00dfe auf H\u00f6he des Gesch\u00e4fts Haushaltswaren Fehrenbach. Danach bewegt sich der Umzug aus Narren und Mottogruppen zur Festhalle, wo ein Schaulaufen der Gruppen und die Preisverleihung stattfindet.<\/p>\n<p>Der erste Platz gewinnt 150\u20ac, der zweite Platz 100\u20ac und der dritte Platz 50\u20ac. Es ist keine Anmeldung erforderlich.<\/p>\n<p>Auch H\u00e4str\u00e4ger jeden Alters sind eingeladen am Umzug teilzunehmen.<\/p>\n","protected":false},"excerpt":{"rendered":"<p>Am 12.02.2024, Fasnet-Mendig, startet um 15:00 Uhr unser Mottoumzug durch das Dorf mit anschlie\u00dfender Pr\u00e4mierung der Mottogruppen in der Festhalle Bleibach. Umzugsaufstellung ist in der Dorfstra\u00dfe auf H\u00f6he des Gesch\u00e4fts [&hellip;]<\/p>\n","protected":false},"author":5,"featured_media":1857,"template":"","meta":{"_tribe_events_status":"","_tribe_events_status_reason":"","footnotes":""},"tags":[],"tribe_events_cat":[116],"class_list":{"0":"post-2000","1":"tribe_events","2":"type-tribe_events","3":"status-publish","4":"has-post-thumbnail","6":"tribe_events_cat-fasnet-im-dorf","7":"cat_fasnet-im-dorf","8":"czr-hentry"},"_links":{"self":[{"href":"https:\/\/www.silberklopfer.de\/wp\/wp-json\/wp\/v2\/tribe_events\/2000","targetHints":{"allow":["GET"]}}],"collection":[{"href":"https:\/\/www.silberklopfer.de\/wp\/wp-json\/wp\/v2\/tribe_events"}],"about":[{"href":"https:\/\/www.silberklopfer.de\/wp\/wp-json\/wp\/v2\/types\/tribe_events"}],"author":[{"embeddable":true,"href":"https:\/\/www.silberklopfer.de\/wp\/wp-json\/wp\/v2\/users\/5"}],"version-history":[{"count":1,"href":"https:\/\/www.silberklopfer.de\/wp\/wp-json\/wp\/v2\/tribe_events\/2000\/revisions"}],"predecessor-version":[{"id":2001,"href":"https:\/\/www.silberklopfer.de\/wp\/wp-json\/wp\/v2\/tribe_events\/2000\/revisions\/2001"}],"wp:featuredmedia":[{"embeddable":true,"href":"https:\/\/www.silberklopfer.de\/wp\/wp-json\/wp\/v2\/media\/1857"}],"wp:attachment":[{"href":"https:\/\/www.silberklopfer.de\/wp\/wp-json\/wp\/v2\/media?parent=2000"}],"wp:term":[{"taxonomy":"post_tag","embeddable":true,"href":"https:\/\/www.silberklopfer.de\/wp\/wp-json\/wp\/v2\/tags?post=2000"},{"taxonomy":"tribe_events_cat","embeddable":true,"href":"https:\/\/www.silberklopfer.de\/wp\/wp-json\/wp\/v2\/tribe_events_cat?post=2000"}],"curies":[{"name":"wp","href":"https:\/\/api.w.org\/{rel}","templated":true}]}}

Mottoumzug mit Prämierung der Mottogruppen

<p>Am 12.02.2024, Fasnet-Mendig, startet um 15:00 Uhr unser Mottoumzug durch das Dorf mit anschließender Prämierung der Mottogruppen in der Festhalle Bleibach.</p>
<p>Umzugsaufstellung ist in der Dorfstraße auf Höhe des Geschäfts Haushaltswaren Fehrenbach. Danach bewegt sich der Umzug aus Narren und Mottogruppen zur Festhalle, wo ein Schaulaufen der Gruppen und die Preisverleihung stattfindet.</p>
<p>Der erste Platz gewinnt 150€, der zweite Platz 100€ und der dritte Platz 50€. Es ist keine Anmeldung erforderlich.</p>
<p>Auch Hästräger jeden Alters sind eingeladen am Umzug teilzunehmen.</p>

<p>Am 12.02.2024, Fasnet-Mendig, startet um 15:00 Uhr unser Mottoumzug durch das Dorf mit anschließender Prämierung der Mottogruppen in der Festhalle Bleibach. Umzugsaufstellung ist in der Dorfstraße auf Höhe des Geschäfts [&hellip;]</p>
